{"id":117,"date":"2026-01-03T16:25:12","date_gmt":"2026-01-03T15:25:12","guid":{"rendered":"https:\/\/design.portfolio.sophiehundbiss.de\/?page_id=117"},"modified":"2026-01-03T16:51:15","modified_gmt":"2026-01-03T15:51:15","slug":"impressum","status":"publish","type":"page","link":"https:\/\/design.portfolio.sophiehundbiss.de\/?page_id=117","title":{"rendered":"Datenschutzerkl\u00e4rung und Impressum"},"content":{"rendered":"\n<p><\/p>\n\n\n\n<p><\/p>\n\n\n\n<h3 class=\"wp-block-heading\"><strong>Datenschutzerkl\u00e4rung<\/strong><\/h3>\n\n\n\n<h4 class=\"wp-block-heading\">1. Datenschutz auf einen Blick<\/h4>\n\n\n\n<h5 class=\"wp-block-heading\"><strong>Allgemeine Hinweise<\/strong><\/h5>\n\n\n\n<p>Die folgenden Hinweise geben einen einfachen \u00dcberblick dar\u00fcber, was mit Ihren personenbezogenen Daten passiert, wenn Sie diese Website besuchen. Personenbezogene Daten sind alle Daten, mit denen Sie pers\u00f6nlich identifiziert werden k\u00f6nnen. Ausf\u00fchrliche Informationen zum Thema Datenschutz entnehmen Sie unserer unter diesem Text aufgef\u00fchrten Datenschutzerkl\u00e4rung.<\/p>\n\n\n\n<h5 class=\"wp-block-heading\">Datenerfassung auf dieser Website<\/h5>\n\n\n\n<p><strong>Wer ist verantwortlich f\u00fcr die Datenerfassung auf dieser Website?<\/strong><br>Die Datenverarbeitung auf dieser Website erfolgt durch den Websitebetreiber. Dessen Kontaktdaten k\u00f6nnen Sie dem Abschnitt \u201eHinweis zur verantwortlichen Stelle\u201c in dieser Datenschutzerkl\u00e4rung entnehmen.<\/p>\n\n\n\n<p><strong>Wie erfassen wir Ihre Daten?<\/strong><br>Ihre Daten werden zum einen dadurch erhoben, dass Sie uns diese mitteilen. Hierbei kann es sich z.\u202fB. um Daten handeln, die Sie in ein Kontaktformular eingeben.<br>Andere Daten werden automatisch oder nach Ihrer Einwilligung beim Besuch der Website durch unsere IT-Systeme erfasst. Das sind vor allem technische Daten (z.\u202fB. Internetbrowser, Betriebssystem oder Uhrzeit des Seitenaufrufs). Die Erfassung dieser Daten erfolgt automatisch, sobald Sie diese Website betreten.<\/p>\n\n\n\n<p><strong>Wof\u00fcr nutzen wir Ihre Daten?<\/strong><br>Ein Teil der Daten wird erhoben, um eine fehlerfreie Bereitstellung der Website zu gew\u00e4hrleisten. Andere Daten k\u00f6nnen zur Analyse Ihres Nutzerverhaltens verwendet werden. Sofern \u00fcber die Website Vertr\u00e4ge geschlossen oder angebahnt werden k\u00f6nnen, werden die \u00fcbermittelten Daten auch f\u00fcr Vertragsangebote, Bestellungen oder sonstige Auftragsanfragen verarbeitet.<\/p>\n\n\n\n<p><strong>Welche Rechte haben Sie bez\u00fcglich Ihrer Daten?<\/strong><br>Sie haben jederzeit das Recht, unentgeltlich Auskunft \u00fcber Herkunft, Empf\u00e4nger und Zweck Ihrer gespeicherten personenbezogenen Daten zu erhalten. Sie haben au\u00dferdem ein Recht, die Berichtigung oder L\u00f6schung dieser Daten zu verlangen. Wenn Sie eine Einwilligung zur Datenverarbeitung erteilt haben, k\u00f6nnen Sie diese jederzeit f\u00fcr die Zukunft widerrufen.<br>Au\u00dferdem haben Sie das Recht, unter bestimmten Umst\u00e4nden die Einschr\u00e4nkung der Verarbeitung Ihrer personenbezogenen Daten zu verlangen. Des Weiteren steht Ihnen ein Beschwerderecht bei der zust\u00e4ndigen Aufsichtsbeh\u00f6rde zu.<br>Hierzu sowie zu weiteren Fragen zum Thema Datenschutz k\u00f6nnen Sie sich jederzeit an uns wenden.<\/p>\n\n\n\n<h5 class=\"wp-block-heading\"><strong>Analyse-Tools und Tools von Drittanbietern<\/strong><\/h5>\n\n\n\n<p>Beim Besuch dieser Website kann Ihr Surf-Verhalten statistisch ausgewertet werden. Das geschieht vor allem mit sogenannten Analyseprogrammen.<br>Detaillierte Informationen zu diesen Analyseprogrammen finden Sie in der folgenden Datenschutzerkl\u00e4rung.<\/p>\n\n\n\n<hr class=\"wp-block-separator has-alpha-channel-opacity\"\/>\n\n\n\n<h4 class=\"wp-block-heading\">2. Hosting<\/h4>\n\n\n\n<p>Wir hosten die Inhalte unserer Website bei folgendem Anbieter:<\/p>\n\n\n\n<p><strong>All-Inkl<\/strong><br>Anbieter ist die ALL-INKL.COM \u2013 Neue Medien M\u00fcnnich, Inh. Ren\u00e9 M\u00fcnnich, Hauptstra\u00dfe 68, 02742 Friedersdorf (nachfolgend \u201eAll-Inkl\u201c).<br>Details entnehmen Sie der Datenschutzerkl\u00e4rung von All-Inkl:<br><a class=\"\" href=\"https:\/\/all-inkl.com\/datenschutzinformationen\/\">https:\/\/all-inkl.com\/datenschutzinformationen\/<\/a><\/p>\n\n\n\n<p>Die Verwendung von All-Inkl erfolgt auf Grundlage von Art. 6 Abs. 1 lit. f DSGVO. Wir haben ein berechtigtes Interesse an einer m\u00f6glichst zuverl\u00e4ssigen Darstellung unserer Website. Sofern eine entsprechende Einwilligung abgefragt wurde, erfolgt die Verarbeitung ausschlie\u00dflich auf Grundlage von Art. 6 Abs. 1 lit. a DSGVO und \u00a7 25 Abs. 1 TDDDG, soweit die Einwilligung die Speicherung von Cookies oder den Zugriff auf Informationen im Endger\u00e4t des Nutzers (z.\u202fB. Device-Fingerprinting) im Sinne des TDDDG umfasst. Die Einwilligung ist jederzeit widerrufbar.<\/p>\n\n\n\n<h5 class=\"wp-block-heading\"><strong>Auftragsverarbeitung<\/strong><\/h5>\n\n\n\n<p>Wir haben einen Vertrag \u00fcber Auftragsverarbeitung (AVV) zur Nutzung des oben genannten Dienstes geschlossen. Hierbei handelt es sich um einen datenschutzrechtlich vorgeschriebenen Vertrag, der gew\u00e4hrleistet, dass dieser die personenbezogenen Daten unserer Websitebesucher nur nach unseren Weisungen und unter Einhaltung der DSGVO verarbeitet.<\/p>\n\n\n\n<hr class=\"wp-block-separator has-alpha-channel-opacity\"\/>\n\n\n\n<h4 class=\"wp-block-heading\">3. Allgemeine Hinweise und Pflichtinformationen<\/h4>\n\n\n\n<h5 class=\"wp-block-heading\"><strong>Datenschutz<\/strong><\/h5>\n\n\n\n<p>Die Betreiber dieser Seiten nehmen den Schutz Ihrer pers\u00f6nlichen Daten sehr ernst. Wir behandeln Ihre personenbezogenen Daten vertraulich und entsprechend den gesetzlichen Datenschutzvorschriften sowie dieser Datenschutzerkl\u00e4rung.<\/p>\n\n\n\n<p>Wenn Sie diese Website benutzen, werden verschiedene personenbezogene Daten erhoben. Personenbezogene Daten sind Daten, mit denen Sie pers\u00f6nlich identifiziert werden k\u00f6nnen.<br>Die vorliegende Datenschutzerkl\u00e4rung erl\u00e4utert, welche Daten wir erheben und wof\u00fcr wir sie nutzen. Sie erl\u00e4utert auch, wie und zu welchem Zweck das geschieht.<\/p>\n\n\n\n<p>Wir weisen darauf hin, dass die Daten\u00fcbertragung im Internet (z.\u202fB. bei der Kommunikation per E-Mail) Sicherheitsl\u00fccken aufweisen kann. Ein l\u00fcckenloser Schutz der Daten vor dem Zugriff durch Dritte ist nicht m\u00f6glich.<\/p>\n\n\n\n<h5 class=\"wp-block-heading\"><strong>Hinweis zur verantwortlichen Stelle<\/strong><\/h5>\n\n\n\n<p>Die verantwortliche Stelle f\u00fcr die Datenverarbeitung auf dieser Website ist:<\/p>\n\n\n\n<p class=\"has-contrast-color has-text-color has-link-color wp-elements-d9af38994937dec3fe2386be68536f83\"><strong>Sophie Hundbi\u00df<\/strong><br>Telefon: 0176 30169336<br>E-Mail:\u00a0<a href=\"mailto:sophiehundbiss@gmail.com\">sophiehundbiss@gmail.com<\/a><br>Adresse: L\u00fctzner Stra\u00dfe 91, Haus K &#8211; 1. OG, 04177 Leipzig<\/p>\n\n\n\n<p>Verantwortliche Stelle ist die nat\u00fcrliche oder juristische Person, die allein oder gemeinsam mit anderen \u00fcber die Zwecke und Mittel der Verarbeitung von personenbezogenen Daten (z.\u202fB. Namen, E-Mail-Adressen o.\u202f\u00c4.) entscheidet.<\/p>\n\n\n\n<h5 class=\"wp-block-heading\"><strong>Speicherdauer<\/strong><\/h5>\n\n\n\n<p>Soweit innerhalb dieser Datenschutzerkl\u00e4rung keine speziellere Speicherdauer genannt wurde, verbleiben Ihre personenbezogenen Daten bei uns, bis der Zweck f\u00fcr die Datenverarbeitung entf\u00e4llt.<br>Wenn Sie ein berechtigtes L\u00f6schersuchen geltend machen oder eine Einwilligung zur Datenverarbeitung widerrufen, werden Ihre Daten gel\u00f6scht, sofern wir keine anderen rechtlich zul\u00e4ssigen Gr\u00fcnde f\u00fcr die Speicherung haben (z.\u202fB. steuer- oder handelsrechtliche Aufbewahrungsfristen).<\/p>\n\n\n\n<hr class=\"wp-block-separator has-alpha-channel-opacity\"\/>\n\n\n\n<h5 class=\"wp-block-heading\"><strong>Allgemeine Hinweise zu den Rechtsgrundlagen der Datenverarbeitung auf dieser Website<\/strong><\/h5>\n\n\n\n<ul class=\"wp-block-list\">\n<li>Art. 6 Abs. 1 lit. a DSGVO bei Einwilligung<\/li>\n\n\n\n<li>Art. 9 Abs. 2 lit. a DSGVO bei besonderen Datenkategorien<\/li>\n\n\n\n<li>Art. 49 Abs. 1 lit. a DSGVO bei Daten\u00fcbermittlung in Drittstaaten<\/li>\n\n\n\n<li>\u00a7 25 Abs. 1 TDDDG bei Cookie-Zustimmung<\/li>\n\n\n\n<li>Art. 6 Abs. 1 lit. b DSGVO bei Vertragserf\u00fcllung<\/li>\n\n\n\n<li>Art. 6 Abs. 1 lit. c DSGVO bei gesetzlicher Verpflichtung<\/li>\n\n\n\n<li>Art. 6 Abs. 1 lit. f DSGVO bei berechtigtem Interesse<\/li>\n<\/ul>\n\n\n\n<hr class=\"wp-block-separator has-alpha-channel-opacity\"\/>\n\n\n\n<h5 class=\"wp-block-heading\"><strong>Empf\u00e4nger von personenbezogenen Daten<\/strong><\/h5>\n\n\n\n<p>Wir arbeiten mit externen Dienstleistern (z.\u202fB. Steuerberater, Hosting-Anbieter) zusammen. Personenbezogene Daten werden nur weitergegeben, wenn dies gesetzlich erlaubt ist oder eine g\u00fcltige Auftragsverarbeitung vorliegt.<\/p>\n\n\n\n<hr class=\"wp-block-separator has-alpha-channel-opacity\"\/>\n\n\n\n<h5 class=\"wp-block-heading\"><strong>Widerruf Ihrer Einwilligung zur Datenverarbeitung<\/strong><\/h5>\n\n\n\n<p>Sie k\u00f6nnen eine bereits erteilte Einwilligung jederzeit widerrufen. Die Rechtm\u00e4\u00dfigkeit der bis zum Widerruf erfolgten Verarbeitung bleibt davon unber\u00fchrt.<\/p>\n\n\n\n<hr class=\"wp-block-separator has-alpha-channel-opacity\"\/>\n\n\n\n<h5 class=\"wp-block-heading\"><strong>Widerspruchsrecht (Art. 21 DSGVO)<\/strong><\/h5>\n\n\n\n<p>Sie haben jederzeit das Recht, gegen die Verarbeitung Ihrer personenbezogenen Daten Widerspruch einzulegen, wenn diese auf Grundlage von Art. 6 Abs. 1 lit. e oder f erfolgt.<br>Verarbeiten wir Ihre Daten f\u00fcr Direktwerbung, haben Sie das Recht, dem jederzeit zu widersprechen. Ihre Daten werden dann nicht mehr f\u00fcr diese Zwecke verarbeitet.<\/p>\n\n\n\n<hr class=\"wp-block-separator has-alpha-channel-opacity\"\/>\n\n\n\n<h5 class=\"wp-block-heading\"><strong>Beschwerderecht bei der Aufsichtsbeh\u00f6rde<\/strong><\/h5>\n\n\n\n<p>Im Falle von Datenschutzverst\u00f6\u00dfen steht Ihnen das Recht auf Beschwerde bei der zust\u00e4ndigen Datenschutzaufsichtsbeh\u00f6rde zu.<\/p>\n\n\n\n<hr class=\"wp-block-separator has-alpha-channel-opacity\"\/>\n\n\n\n<h5 class=\"wp-block-heading\"><strong>Recht auf Daten\u00fcbertragbarkeit<\/strong><\/h5>\n\n\n\n<p>Sie haben das Recht, Daten, die wir automatisiert auf Grundlage Ihrer Einwilligung oder zur Vertragserf\u00fcllung verarbeiten, in einem maschinenlesbaren Format zu erhalten oder direkt an Dritte \u00fcbertragen zu lassen.<\/p>\n\n\n\n<hr class=\"wp-block-separator has-alpha-channel-opacity\"\/>\n\n\n\n<h5 class=\"wp-block-heading\"><strong>Auskunft, Berichtigung, L\u00f6schung<\/strong><\/h5>\n\n\n\n<p>Sie haben jederzeit das Recht auf unentgeltliche Auskunft \u00fcber Ihre gespeicherten Daten, deren Herkunft, Empf\u00e4nger und Zweck der Verarbeitung sowie ggf. ein Recht auf Berichtigung oder L\u00f6schung dieser Daten.<\/p>\n\n\n\n<hr class=\"wp-block-separator has-alpha-channel-opacity\"\/>\n\n\n\n<h5 class=\"wp-block-heading\"><strong>Recht auf Einschr\u00e4nkung der Verarbeitung<\/strong><\/h5>\n\n\n\n<p>Sie haben das Recht, die Verarbeitung Ihrer Daten in bestimmten F\u00e4llen einschr\u00e4nken zu lassen, z.\u202fB. bei Widerspruch, unklarer Rechtm\u00e4\u00dfigkeit oder w\u00e4hrend der Pr\u00fcfung Ihrer Anspr\u00fcche.<\/p>\n\n\n\n<hr class=\"wp-block-separator has-alpha-channel-opacity\"\/>\n\n\n\n<h5 class=\"wp-block-heading\"><strong>Widerspruch gegen Werbe-E-Mails<\/strong><\/h5>\n\n\n\n<p>Der Nutzung von im Rahmen der Impressumspflicht ver\u00f6ffentlichten Kontaktdaten zur \u00dcbersendung von nicht ausdr\u00fccklich angeforderter Werbung wird hiermit widersprochen.<\/p>\n\n\n\n<hr class=\"wp-block-separator has-alpha-channel-opacity\"\/>\n\n\n\n<h5 class=\"wp-block-heading\"><strong>Impressum<\/strong><\/h5>\n\n\n\n<p>Verantwortlich f\u00fcr den Inhalt auf dieser Website<\/p>\n\n\n\n<p><strong>Sophie Hundbi\u00df<\/strong><br>Telefon: 0176 30169336<br>E-Mail:\u00a0<a href=\"mailto:sophiehundbiss@gmail.com\">sophiehundbiss@gmail.com<\/a><br>Adresse: L\u00fctzner Stra\u00dfe 91, Haus K &#8211; 1. OG, 04177 Leipzig<\/p>\n","protected":false},"excerpt":{"rendered":"<p>Datenschutzerkl\u00e4rung 1. Datenschutz auf einen Blick Allgemeine Hinweise Die folgenden Hinweise geben einen einfachen \u00dcberblick dar\u00fcber, was mit Ihren personenbezogenen Daten passiert, wenn Sie diese Website besuchen. Personenbezogene Daten sind alle Daten, mit denen Sie pers\u00f6nlich identifiziert werden k\u00f6nnen. Ausf\u00fchrliche Informationen zum Thema Datenschutz entnehmen Sie unserer unter diesem Text aufgef\u00fchrten Datenschutzerkl\u00e4rung. Datenerfassung auf dieser [&hellip;]<\/p>\n","protected":false},"author":1,"featured_media":0,"parent":0,"menu_order":0,"comment_status":"closed","ping_status":"closed","template":"","meta":{"footnotes":""},"class_list":["post-117","page","type-page","status-publish","hentry"],"_links":{"self":[{"href":"https:\/\/design.portfolio.sophiehundbiss.de\/index.php?rest_route=\/wp\/v2\/pages\/117","targetHints":{"allow":["GET"]}}],"collection":[{"href":"https:\/\/design.portfolio.sophiehundbiss.de\/index.php?rest_route=\/wp\/v2\/pages"}],"about":[{"href":"https:\/\/design.portfolio.sophiehundbiss.de\/index.php?rest_route=\/wp\/v2\/types\/page"}],"author":[{"embeddable":true,"href":"https:\/\/design.portfolio.sophiehundbiss.de\/index.php?rest_route=\/wp\/v2\/users\/1"}],"replies":[{"embeddable":true,"href":"https:\/\/design.portfolio.sophiehundbiss.de\/index.php?rest_route=%2Fwp%2Fv2%2Fcomments&post=117"}],"version-history":[{"count":5,"href":"https:\/\/design.portfolio.sophiehundbiss.de\/index.php?rest_route=\/wp\/v2\/pages\/117\/revisions"}],"predecessor-version":[{"id":146,"href":"https:\/\/design.portfolio.sophiehundbiss.de\/index.php?rest_route=\/wp\/v2\/pages\/117\/revisions\/146"}],"wp:attachment":[{"href":"https:\/\/design.portfolio.sophiehundbiss.de\/index.php?rest_route=%2Fwp%2Fv2%2Fmedia&parent=117"}],"curies":[{"name":"wp","href":"https:\/\/api.w.org\/{rel}","templated":true}]}}